= 0. What is the remainder when o is divided by x?
8
Suppose 4*u + 5*z - 82 = 0, -4*u = -0*u - 4*z - 100. Suppose -u*y + 21*y + 8 = 0. Calculate the remainder when 7 is divided by y.
3
Let f = 1 - -1. Let w be (-1 + 347)*((-3)/6 + 1). Suppose j + f*j - w = -4*i, 4*j + 29 = i. Calculate the remainder when i is divided by 11.
8
Let x(s) = 5*s + 11. Let q(t) = -t - 1. Let g(k) = 6*q(k) + x(k). Let f be g(3). Suppose -f = -n - 0*n. Calculate the remainder when 5 is divided by n.
1
Let r(i) = -9*i - 17. Let o be r(18). Let c = -128 - o. Let j = 37 + -19. What is the remainder when c is divided by j?
15
Let u(i) = -i**2 - 26*i - 23. What is the remainder when u(-23) is divided by 32?
14
Suppose 3*k - 225 + 80 = 2*s, -230 = -5*k + s. Calculate the remainder when k is divided by 20.
5
Let a(r) = 69*r**2 + 9*r - 3. What is the remainder when a(-2) is divided by 24?
15
Let z = 24 - 30. Let g(n) = -n**3 - 5*n**2 + 6*n - 1. Let k be g(z). What is the remainder when (1/(-3) + k)*-6 is divided by 3?
2
Let o = 13 - 11. Suppose 0 = -7*q + o*q + 390. Suppose -2*t + 17 = -a - 67, 2*t = 4*a + q. What is the remainder when t is divided by 11?
10
Let v = 34 - 23. Let r = v - 10. Calculate the remainder when 3 is divided by r.
0
Suppose 2*o - 16 + 4 = -k, 0 = -5*k + 5*o. Suppose 76 = 5*x - 5*c + 16, -3 = -x + k*c. Suppose 116 = 3*l + 29. What is the remainder when l is divided by x?
14
Suppose 0 = -7*y + 2*y, -5*m = -2*y + 330. Let g = 1 + m. Let j = -37 - g. What is the remainder when 82 is divided by j?
26
Suppose -72 = 20*t - 24*t. What is the remainder when 43 is divided by t?
7
Let r = 29 + -9. Suppose -2*h + 58 = -r. What is the remainder when h is divided by 10?
9
Let r = -19 - -21. Suppose r*o + 3*l = 4*l + 41, -3*l - 39 = -2*o. What is the remainder when 3*(-1 - -15 - 1) is divided by o?
18
Suppose 3*r - 38 = 2*r. Suppose -5*u + r = -77. Let m = 33 - u. Calculate the remainder when m is divided by 3.
1
Let m be (-8)/12*(-6)/4. Let q(o) = 3*o**2 + m + 5*o + 7*o + 0*o**2 + 0*o**2. What is the remainder when 45 is divided by q(-5)?
13
Let n = -12 - -18. Suppose 4*t + 8*s - 11*s - 27 = 0, -t + 11 = -5*s. What is the remainder when n is divided by t?
0
Let k(x) = -9 - 13*x - 4*x**2 + 0 + 3*x**2 + 0*x**2. Let r be k(-12). Suppose 0 = -r*i + 8 - 2. Calculate the remainder when i is divided by 2.
0
Let c = 2286 + -2278. What is the remainder when 175 is divided by c?
7
Suppose -5*t + 223 = -2*n - 460, 679 = 5*t - n. Calculate the remainder when 413 is divided by t.
8
Let p(w) = 12*w - 150. What is the remainder when p(31) is divided by 8?
6
Suppose -7*t + 420 - 350 = 0. Let a = 21 + -4. What is the remainder when a is divided by t?
7
Let o be 32/18 - 16/(-72). Let r be o/(-5) + 6/(-10). Calculate the remainder when 37 is divided by -10*r*(4 + -3).
7
Let u(t) = -t**3 + 3*t**2 + 5*t - 2. Let a be (16/(-2))/(0 - 2). Let b be u(a). Suppose 154 = b*l + 24. Calculate the remainder when l is divided by 22.
21
Suppose -t + 58 + 21 = 0. What is the remainder when t is divided by 5*-1*(4 - -2 - 10)?
19
Suppose a - 81 = -45. Calculate the remainder when 465 is divided by a.
33
Suppose 122 = o + 9. What is the remainder when o is divided by 52?
9
Let g = -2066 - -2154. Suppose a + 2*a = 90. What is the remainder when g is divided by a?
28
Suppose o = 4*a - 33, -4*o = -4*a + 2*a + 20. Calculate the remainder when 16 is divided by a.
0
Let p = 385 - -30. What is the remainder when p is divided by 38?
35
Let y = -1216 + 1290. Calculate the remainder when 1035 is divided by y.
73
Let o(u) = 6*u - 7. Let z be (-5)/(-4)*4/1. Calculate the remainder when (-3)/((-582)/946 + 534/979) is divided by o(z).
20
Suppose 358 = 3*a - 5. Suppose 5*u + 5*g - a = 224, -5*u + 395 = -5*g. What is the remainder when u is divided by 25?
24
Suppose q - 25 = 3*f, -3*q = -q + 5*f + 5. Suppose 6*l - 262 + 94 = 0. Calculate the remainder when l is divided by q.
8
Let a = -267 - -313. What is the remainder when a is divided by 5?
1
Let s = -246 - -343. Suppose 5*d + 7 = -3. Calculate the remainder when s is divided by ((-6)/(-9))/(d/(-75)).
22
Let v = 6 + 22. Suppose 0 = 3*w - 0*s + 2*s - 15, 3*w = 3*s + 15. Suppose 35 = 3*l + 2*j, 2*l - w*l - j = -31. Calculate the remainder when v is divided by l.
1
Suppose -z = -2*z - 2*d + 17, 4*z - 101 = 3*d. Suppose -t = -19 - z. Calculate the remainder when t is divided by (0 - 3/(-2))*10.
12
Calculate the remainder when 440/6*(-4050)/(-108) is divided by 131.
130
Let x(z) = 0 + 6 + z + 2*z - 4. Let b(n) = -5*n - 72. What is the remainder when x(7) is divided by b(-16)?
7
Suppose 4*k + 2*j - 27 = 133, 3*k - 133 = 5*j. Let z = -975 - -1097. Calculate the remainder when z is divided by k.
40
Let f be 42/70 + (-127)/(-5). Let m = f + -20. Calculate the remainder when 21 is divided by m.
3
Suppose -31*a = -445 - 3306. Calculate the remainder when a is divided by 49.
23
Suppose -2*w + 28 = -0*w - 4*l, -4*w + 2*l = -44. Calculate the remainder when 68 is divided by w.
8
Let k(w) = 19*w + 47. Calculate the remainder when k(46) is divided by 42.
39
Let l = -17 - -9. Let o(z) = z**3 + 8*z**2 + 3. Let p be o(l). Suppose 5*m = p*m + 16. Calculate the remainder when m is divided by 3.
2
Suppose 0 = -2*b + 172 + 112. Calculate the remainder when (b/6)/(2/6) is divided by 21*(450/(-63) - -8).
17
Let j = 265 - 184. Calculate the remainder when j is divided by 17.
13
Suppose k = -k + 22. Suppose -111 = -19*i - 35. What is the remainder when k is divided by i?
3
Suppose -4*u = 0, 0 = -13*q + 8*q - 3*u + 225. What is the remainder when q is divided by 7?
3
Let u(b) be the second derivative of -4*b**3/3 - 17*b**2/2 + 12*b. What is the remainder when u(-8) is divided by ((-6)/15)/(2/(-80))?
15
Let f(x) = 152*x**2 + 11*x + 12. What is the remainder when f(-1) is divided by 26?
23
Let p(b) = -71*b - 905. Let j = -5 + 10. Calculate the remainder when p(-13) is divided by j.
3
Let a(o) = -26*o**3 - 3*o**2 - 5*o - 6. Let j be a(-2). Suppose 0 = -3*u - 5*m + 110, 0 = u - 5*u + 4*m + j. What is the remainder when 86 is divided by u?
41
Suppose 0 = 2*r + 455 - 573. Suppose 27 = 7*l - 3*l + 5*k, -4*l + 2*k = -6. Suppose -l*v + 48 = 3. What is the remainder when r is divided by v?
14
Suppose -14*m + 6*m + 864 = 0. Suppose l - 4*l = -m. Calculate the remainder when 105 is divided by l.
33
Let n = -23 - -45. Let o(v) = -v**2 - 8*v. Let f be o(-8). Suppose 4*s + 47 + 125 = 2*y, -s = f. Calculate the remainder when y is divided by n.
20
Suppose 4*z - 437 + 73 = 0. Calculate the remainder when 201 is divided by z.
19
Suppose -40*v + 2648 = -32*v. Suppose -5*f - 4*a + a + v = 0, 0 = -2*f + 4*a + 148. What is the remainder when f is divided by 10?
8
Let z(h) = 30*h + 393. What is the remainder when z(-12) is divided by 15?
3
Calculate the remainder when 40408/248 - 2/(-31) is divided by 88.
75
Suppose -16*t + 14*t + 2*p = -30, -4*p = 3*t - 38. What is the remainder when 126 is divided by t?
0
Suppose -14*j + 167 = -4929. Calculate the remainder when j is divided by 180.
4
Let z(t) = 10*t - 12. Let b = 23 + -20. What is the remainder when 87 is divided by z(b)?
15
Suppose -2*c + 3*m - 2*m = -21, c = -4*m + 6. Let d = c - -3. Suppose 2*q - 5*q = -75. Calculate the remainder when q is divided by d.
12
Suppose 3*k - 4*v - 363 = 0, 0 = 2*k + k + 4*v - 339. Let h = k - 31. What is the remainder when h is divided by 11?
9
Let y(b) = 2*b**2 - 3*b - 5. Suppose 0 = -2*m + 8. Let t = 1007 + -934. What is the remainder when t is divided by y(m)?
13
Let p be 2/(-6) - 219/(-9). Suppose -i = i - p. Calculate the remainder when ((9/(-6))/(-3))/(8/528) is divided by i.
9
Let w(v) = v**2 + 11*v + 54. What is the remainder when 251 is divided by w(-9)?
35
Suppose 29*n - 10 = 30*n. Let f be ((-4)/n)/(4/660). Let b = f + -43. What is the remainder when b is divided by 12?
11
Suppose -3*a - 4*d + 43 = 0, 0 = -4*a + 2*a + 5*d + 21. What is the remainder when 115 is divided by a?
11
Let s(r) = 55*r - 348. Suppose -c - 2*i + 135 = i, -2*c + 4*i = -310. What is the remainder when c is divided by s(7)?
36
Suppose b - 11 = -4*t, b - 4*b + 4*t + 33 = 0. Calculate the remainder when 59 is divided by b.
4
Suppose 170 = 5*l - 4*x, -x - 88 = -5*l + 67. What is the remainder when l is divided by 9?
3
Let q(o) = -o - 23. Let r be 